 - 5*y**2 - 2*y + 3. List the prime factors of f(l).
13
Let n = -6 - -11. Suppose 1 + n = 2*a. List the prime factors of a.
3
Let c(a) = a**2 + a. What are the prime factors of c(3)?
2, 3
Suppose -4 = -3*c - d, c = 2*d - 5*d + 12. Let y(j) be the third derivative of -j**6/120 + j**5/60 - j**4/24 + j**3/3 + 2*j**2. List the prime factors of y(c).
2
Let x be 1/4 + (-22)/(-8). Suppose 2*p + x*d = 0, 0*p + 2*p = d + 8. List the prime factors of p.
3
Let i be (2/(-5))/(3/(-915)). Suppose -22 + i = 5*c. List the prime factors of c.
2, 5
Suppose 5*q + 5*t - 20 = 0, 1 = q - 3*t - 3. Suppose -215 = -5*r + s + s, q*r + 2*s = 154. What are the prime factors of r?
41
Suppose 0 = -2*s + 7*s + z - 19, -5*z = -5*s + 25. Suppose -s*l - 32 + 94 = -2*w, 0 = 5*l + 3*w - 61. List the prime factors of l.
2, 7
Suppose 0 - 15 = 3*j, 3*n - 10 = 2*j. Suppose n*k + 4*k - 88 = 0. List the prime factors of k.
2, 11
Let p = 199 - 116. List the prime factors of p.
83
What are the prime factors of (-11)/33 + 776/6?
3, 43
Let k(y) = y - 3. Let j be k(5). Suppose j*n - 7*n + 90 = 0. What are the prime factors of n?
2, 3
Let d(q) = 6*q - 17. Let z(f) = -5*f + 17. Let x(p) = 4*d(p) + 5*z(p). Suppose 3*i - 2*i = 0. What are the prime factors of x(i)?
17
Let o = -7 - -99. Suppose 18 = 2*q - 2*l - 30, 4*q - 2*l = o. List the prime factors of q.
2, 11
Suppose 3*q - 147 = -k, k - 4*q = 2*k - 148. List the prime factors of k.
2, 3
Let j = -10 + 5. List the prime factors of (3/j)/(3/(-15)).
3
Let z = 8 + -4. Suppose a - z = 2. Suppose -a*g = -3*g - 18. What are the prime factors of g?
2, 3
Suppose -m + 2*m = 4*j - 147, 0 = 2*j + m - 69. List the prime factors of j.
2, 3
Suppose -2*s = 28 - 114. List the prime factors of s.
43
Let q(s) = -4*s**3 + 2*s**2 - s - 1. Let i(z) = z. Let m be i(2). Let g be q(m). Let l = -11 - g. What are the prime factors of l?
2
Let g be 0*1*1/2. Let d be 2 - g - 39/(-3). List the prime factors of 1 + -2 + -1 + d.
13
Let y(m) be the third derivative of 1/24*m**4 - 3*m**2 - 1/3*m**3 + 0 + 1/15*m**5 + 0*m - 1/120*m**6. What are the prime factors of y(4)?
2
Suppose -3*m - 5*f = -11 - 7, 4*m - 1 = f. Let s = -22 - -34. Let n = s - m. What are the prime factors of n?
11
What are the prime factors of (4*(-3)/(-36))/(1/261)?
3, 29
Suppose 28*p + 574 = 35*p. List the prime factors of p.
2, 41
List the prime factors of 2 + 1 - 1 - -8.
2, 5
Suppose 5*h - 76 = -2*q + h, 2*q + h = 79. What are the prime factors of q?
2, 5
Let k be (-3 - -2)/((-2)/(-8)). Let p(r) = r**3 + 3*r**2 - 4*r - 6. Let m be p(k). What are the prime factors of m/2 - 19/(-1)?
2
Suppose 4*z + 214 = 2*p - 4*p, 0 = 5*z + 2*p + 267. Let r = -37 - z. What are the prime factors of r?
2
Let h(z) = -z**3 + 11*z**2 - 12*z + 8. What are the prime factors of h(8)?
2, 13
Let d(q) = q**3 + q**2 - 7*q. List the prime factors of d(5).
5, 23
Let w = 16 - 10. Let d(b) = b + 5. List the prime factors of d(w).
11
Let i(l) = 4*l + 1. Let q be i(-2). Let u = -4 - q. List the prime factors of (12/10)/(u/20).
2
List the prime factors of (54 - -1)*(-14 + 15).
5, 11
Suppose -3*d + 3*t + 357 = -0*t, t + 587 = 5*d. Suppose 6 = -3*f + d. What are the prime factors of f?
37
Let r(d) = 4*d + 4. Let s be (-2)/5 - 27/(-5). Let v be r(s). Suppose -m - 3 + 4 = 2*z, -4*m + v = 4*z. What are the prime factors of m?
11
Suppose 15 = g - 0*k + k, -3*g + 69 = -3*k. Suppose 0 = 4*x - 4*n, 2*x + 3*n = 1 + 14. Suppose -x*m = -11 - g. List the prime factors of m.
2, 5
Suppose b + 2*b = 3*x + 294, 288 = 3*b + 3*x. List the prime factors of b.
97
Suppose -4*a + 120 = 4*w, 0 = a + 5*w - 3*w - 30. What are the prime factors of a?
2, 3, 5
Suppose -o + 6 = -3*o. Let k = 4 - -10. Let v = o + k. What are the prime factors of v?
11
What are the prime factors of (-5)/(-5) + 2 + 1*26?
29
Suppose -5*z + 25 + 25 = 0. List the prime factors of 100/(-15)*(-24)/z.
2
Suppose -t - 3*y = 11, 4*t + 2*y - 1 = -5. Let z be 3/(-3) - (t + 1). Let d = z - -6. What are the prime factors of d?
3
Let j(k) = -k + 12. Let h be (-2 + (0 - -3))*9. Let g be j(h). What are the prime factors of g/(-7) + (-122)/(-7)?
17
Let q(l) = -l**3 - 4*l**2 - 4*l - 1. Let o be q(-3). Suppose -o*b - 4*w + 10 + 38 = 0, b - w = 21. What are the prime factors of b?
2, 11
Suppose -3*u + 6*u - 5*g - 113 = 0, 2*u + 3*g = 69. What are the prime factors of u?
2, 3
Suppose 0 = 41*s - 47*s + 2190. List the prime factors of s.
5, 73
Suppose -3*o - 2*k = -k + 5, 25 = -5*o - 5*k. Let y(r) = r**3 + r + 60. Let l be y(o). Suppose -4*w = w - l. List the prime factors of w.
2, 3
Suppose 5*t - 218 = u, t = -2*t - 5*u + 114. What are the prime factors of t?
43
Let w be 6 - (0/(-3) - 3). Suppose -15 = -c + w. List the prime factors of c.
2, 3
Let w = -39 - -80. What are the prime factors of w?
41
Suppose -2*k + 16 + 6 = 5*s, -14 = -4*s + 2*k. What are the prime factors of s?
2
Let w(u) = -5*u - 1. Let s be w(-2). Suppose 2*t = -t + s. What are the prime factors of t?
3
Let p(y) = 8*y - 9. List the prime factors of p(5).
31
Let r be (-16)/(-6) + (-1)/(-3). Suppose t + r = 0, 2*f - 28 = -4*t + 8. List the prime factors of f.
2, 3
Let q(j) = -j**3 + j**2 + 3*j - 3. Let u be q(3). Let z be 3/2*16/u. What are the prime factors of 3 + z/4*-2?
2
Let g = 4 + 35. List the prime factors of g.
3, 13
Let n be (3/(-6))/(2/4). Let f be (-2 - (n + 1)) + 2. Suppose 0 = 4*l - 6 + 2, f = 5*j - 5*l - 20. What are the prime factors of j?
5
Let l(y) = y**2 - 6*y + 6. Let k be l(4). What are the prime factors of (-23)/k - 12/(-24)?
2, 3
Let b = 0 - -22. List the prime factors of b.
2, 11
Let l(m) = -41*m**3 + m + 1. Let d(s) = -s**2 + 11*s - 19. Let c be d(9). What are the prime factors of l(c)?
41
Let c(a) = 2*a - 5. Let o(x) = 7*x**2 - x. Let m(l) = -l - 10. Let z be m(-9). Let u be o(z). What are the prime factors of c(u)?
11
Suppose 0 = 4*i - 23 + 7. Suppose 3*y - 9 = -4*u, 5*u + 7 = -i*y + 19. Suppose -3*b - y*f + 27 = 0, 2*b - 13 = b - 3*f. List the prime factors of b.
7
Suppose y + 5*p = 29, 7*p - 12 = 3*p. What are the prime factors of y?
2, 7
Let a(h) = h**3 - 8*h**2 - 9*h - 1. Let b be a(10). Suppose -5*s + b = 29. What are the prime factors of s?
2
Let n = 42 - 27. Suppose 5*o - n = 2*o. List the prime factors of o.
5
Let s = 1 + 2. Suppose 0 = s*m + 1 - 43. Let j = 26 - m. List the prime factors of j.
2, 3
Suppose -6*s + 29 = -151. Let h = -25 + s. What are the prime factors of h?
5
Suppose -10 = -4*c + 3*t, -6*c - 2 = -4*c + 2*t. What are the prime factors of (c - 0)*(23 - 12)?
11
Let r(s) = 2*s**2 - 6*s + 1. Let y be 2 + 2 + -2 + 2. List the prime factors of r(y).
3
Let p = 3 - 0. Let k be 9/p - (1 + -1). Suppose k*m + 2*m - 25 = 0. List the prime factors of m.
5
Let f be (10/(-3))/(1/(-3)). Let o = f - 22. Let i = 23 + o. What are the prime factors of i?
11
Let x be -3*2/(-2) + -6. What are the prime factors of (-73)/x + (-8)/24?
2, 3
Suppose 0 = -3*f - 37 + 277. What are the prime factors of f?
2, 5
Let j(t) = -t**2 - 8*t - 5. Let i(s) = -s**2 - 8*s - 4. Suppose 15 = 5*d - 10. Let k(z) = d*j(z) - 4*i(z). What are the prime factors of k(-6)?
3
Let h = -1 - -4. List the prime factors of h/(-6)*(-2 + -32).
17
Let p = -4 - -6. Suppose 3*q + 25 = -j - 0*j, -p*q = -2*j + 14. Let g(y) = y + 18. What are the prime factors of g(q)?
2, 5
Let v = 81 - 43. What are the prime factors of v?
2, 19
Let p = -60 + 106. What are the prime factors of p?
2, 23
Let f(n) = -11*n + 2. Let r be f(-2). Suppose -2*j + 12 = -r. What are the prime factors of j?
2, 3
Let c be 2 + -43 + 1 + -1. Let k = 79 + c. List the prime factors of (-1)/(1 + k/(-36)).
2, 3
Suppose 5*d = -55 + 160. Suppose d - 75 = -2*u. List the prime factors of u.
3
Let d = -17 + 20. Suppose 69 = 2*c + d. What are the prime factors of c?
3, 11
Suppose -5*f + 48 - 18 = 0. Suppose -4*t = 15 + 1. Let y = f + t. List the prime factors of y.
2
Let c(t) = -3*t - 5. Let d(l) = 6*l - 18 + 2*l**2 - 3*l**2 + 14. Let g be d(6). List the prime factors of c(g).
7
Let r be (-4)/(-1) + -1 + 2. Let x(h) = -h**2 + 18. Let k be x(-4). Suppose -6 = 3*j - r*t - 2, k*t = -2*j + 24. List the prime factors of j.
7
Let k be 6/(-15) - 36/(-15). Let t = 0 - k. What are the prime factors of (t/(-4))/((-4)/(-112))?
2, 7
Let b be (30/1)/(-3)*-1. Let h be -2 + 7 + (2 - 5). Suppose h*x - 4 = b. Lis